hat is the greatest common factor of 3796 and 832?
52
What is the highest common factor of 66015 and 15?
15
What is the greatest common divisor of 2563945 and 395?
395
What is the highest common factor of 152611 and 71017?
1511
What is the highest common factor of 75536 and 720?
16
What is the greatest common divisor of 24 and 360392?
8
Calculate the highest common factor of 429176 and 88.
88
What is the greatest common factor of 995 and 43581?
199
Calculate the highest common divisor of 990 and 21582.
198
What is the greatest common divisor of 3168 and 294129?
99
Calculate the greatest common divisor of 8294 and 760786.
754
Calculate the highest common factor of 2758 and 1596.
14
Calculate the highest common factor of 21 and 162953.
7
Calculate the greatest common divisor of 157711 and 3082.
23
What is the greatest common factor of 15151 and 6976?
109
Calculate the highest common divisor of 6615 and 8967.
147
What is the greatest common divisor of 54 and 24507?
9
What is the highest common factor of 91772 and 4?
4
What is the highest common divisor of 19998876 and 12?
12
Calculate the greatest common factor of 44 and 291423.
11
Calculate the greatest common divisor of 4064 and 2056.
8
What is the greatest common divisor of 18 and 120537?
9
Calculate the highest common factor of 973875 and 1470.
735
What is the highest common divisor of 97 and 86039?
97
What is the highest common factor of 31023 and 2681?
383
What is the greatest common divisor of 32424 and 40?
8
Calculate the greatest common divisor of 39013 and 104.
13
Calculate the greatest common factor of 2277320 and 2720.
680
What is the greatest common divisor of 7000 and 3875?
125
Calculate the highest common divisor of 14063 and 2975329.
2009
Calculate the greatest common divisor of 49 and 7609.
7
Calculate the highest common divisor of 40662 and 54.
54
Calculate the greatest common divisor of 48 and 110256.
48
Calculate the greatest common divisor of 2036 and 416.
4
Calculate the greatest common divisor of 510 and 4638.
6
What is the highest common divisor of 182 and 14345422?
182
Calculate the highest common factor of 21 and 285411.
21
Calculate the highest common divisor of 11141 and 5161.
13
What is the highest common divisor of 866313 and 63?
63
Calculate the highest common factor of 44 and 108889.
11
Calculate the highest common factor of 2105 and 227761.
421
Calculate the greatest common factor of 322996 and 4.
4
What is the highest common factor of 423 and 1233?
9
Calculate the greatest common divisor of 1568 and 35084.
196
What is the greatest common factor of 2431 and 425?
17
Calculate the highest common divisor of 45 and 4923.
9
What is the highest common divisor of 12003991 and 19?
19
What is the greatest common divisor of 3586 and 4554?
22
Calculate the greatest common divisor of 20 and 67330.
10
Calculate the greatest common divisor of 361682 and 193.
193
Calculate the highest common divisor of 25582876 and 22.
22
Calculate the greatest common factor of 342 and 874.
38
What is the highest common divisor of 193230 and 23391?
1017
What is the highest common factor of 5713880 and 8124?
2708
What is the greatest common divisor of 3745 and 291361?
749
What is the highest common divisor of 2864 and 143737?
179
Calculate the greatest common divisor of 116262 and 513.
27
What is the highest common factor of 116 and 1707868?
116
What is the greatest common divisor of 8252 and 712?
4
Calculate the highest common divisor of 6 and 186834.
6
What is the highest common factor of 15804 and 612?
36
What is the highest common factor of 1251500 and 500?
500
Calculate the highest common divisor of 75 and 19200.
75
What is the greatest common factor of 12 and 3699840?
12
Calculate the highest common divisor of 35598 and 340.
34
Calculate the greatest common divisor of 636 and 27.
3
Calculate the highest common divisor of 56411 and 38.
19
Calculate the greatest common divisor of 2 and 8097.
1
Calculate the greatest common divisor of 6196 and 2994217.
1549
What is the greatest common factor of 72 and 51102?
18
What is the greatest common divisor of 10816 and 296?
8
Calculate the greatest common divisor of 10710 and 140931.
63
What is the highest common factor of 1102 and 494?
38
What is the greatest common factor of 15600 and 1612?
52
What is the highest common factor of 234 and 1152?
18
Calculate the greatest common factor of 131 and 2489.
131
What is the greatest common divisor of 6183 and 432?
27
Calculate the highest common divisor of 688 and 21844.
172
Calculate the highest common divisor of 374 and 19958.
34
Calculate the greatest common factor of 2778 and 3298875.
1389
What is the highest common divisor of 7665797 and 1577?
1577
Calculate the greatest common factor of 33 and 165803.
11
What is the highest common divisor of 93728 and 10908?
404
What is the highest common divisor of 8244 and 144?
36
What is the highest common divisor of 250734 and 68904?
1914
Calculate the highest common factor of 24613 and 4564.
163
Calculate the greatest common factor of 772 and 210949.
193
What is the highest common factor of 165 and 9801?
33
What is the highest common divisor of 78916 and 654?
218
What is the highest common factor of 1220260 and 140?
20
Calculate the highest common divisor of 41632 and 224.
32
What is the highest common divisor of 651312 and 18?
18
What is the greatest common divisor of 50 and 350?
50
What is the greatest common divisor of 76490 and 20?
10
Calculate the greatest common divisor of 17 and 2.
1
What is the highest common divisor of 243482 and 212?
106
Calculate the highest common divisor of 108591 and 231.
21
What is the greatest common factor of 15946 and 1309?
119
Calculate the greatest common divisor of 171 and 36100.
19
What is the highest common divisor of 49078 and 530?
106
What is the highest common factor of 2 and 591332?
2
Calculate the highest common factor of 4496 and 3728.
16
Calculate the greatest common divisor of 57597 and 141231.
789
What is the highest common factor of 774 and 266514?
258
Calculate the greatest common factor of 26840 and 330.
110
Calculate the greatest common divisor of 568 and 16316368.
568
What is the greatest common divisor of 469924 and 140?
28
Calculate the highest common factor of 1644 and 1146.
6
Calculate the greatest common divisor of 22999 and 2398.
109
Calculate the greatest common divisor of 16237 and 65.
13
Calculate the highest common factor of 74817 and 34884.
459
What is the highest common divisor of 304 and 247304?
152
Calculate the highest common factor of 2050 and 100150.
50
What is the highest common divisor of 1347520 and 960?
320
Calculate the greatest common factor of 6950 and 40225.
25
Calculate the highest common divisor of 1598 and 731.
17
Calculate the greatest common factor of 6138 and 110.
22
What is the greatest common divisor of 119011 and 976?
61
What is the highest common divisor of 861 and 3321?
123
Calculate the highest common divisor of 225 and 105291.
9
Calculate the greatest common divisor of 58 and 186702.
58
What is the highest common divisor of 75 and 651850?
25
What is the highest common divisor of 464415 and 105?
105
Calculate the highest common divisor of 300 and 108750.
150
What is the greatest common divisor of 307923 and 301?
301
What is the greatest common divisor of 1314 and 57573?
9
Calculate the highest common factor of 2907 and 842707.
323
Calculate the greatest common factor of 660 and 4164.
12
Calculate the greatest common factor of 154 and 61117.
7
Calculate the greatest common divisor of 161290 and 10795.
635
What is the highest common divisor of 2831 and 12217?
19
Calculate the highest common factor of 299 and 440427.
299
Calculate the greatest common factor of 5743480 and 80.
40
What is the highest common factor of 1004717 and 952?
119
What is the greatest common divisor of 33823 and 1816?
227
Calculate the highest common factor of 819 and 16666.
13
What is the greatest common divisor of 12 and 620496?
12
Calculate the highest common divisor of 437 and 5681.
437
Calculate the greatest common factor of 283 and 455347.
283
Calculate the greatest common factor of 372 and 56792.
124
What is the highest common divisor of 166 and 362129?
83
Calculate the greatest common factor of 